{"id":121,"date":"2025-10-23T14:16:21","date_gmt":"2025-10-23T12:16:21","guid":{"rendered":"https:\/\/jansajdak.pl\/index.php\/water\/"},"modified":"2025-10-25T09:01:14","modified_gmt":"2025-10-25T07:01:14","slug":"twarze-lasu","status":"publish","type":"page","link":"https:\/\/jansajdak.pl\/index.php\/twarze-lasu\/","title":{"rendered":"Twarze lasu"},"content":{"rendered":"\t\t<div data-elementor-type=\"wp-page\" data-elementor-id=\"121\" class=\"elementor elementor-121\" data-elementor-post-type=\"page\">\n\t\t\t\t<div class=\"elementor-element elementor-element-609f5408 e-con-full e-flex e-con e-parent\" data-id=\"609f5408\" data-element_type=\"container\">\n\t\t<div class=\"elementor-element elementor-element-d41590d e-con-full e-flex e-con e-child\" data-id=\"d41590d\" data-element_type=\"container\" data-settings=\"{&quot;background_background&quot;:&quot;classic&quot;}\">\n\t\t<div class=\"elementor-element elementor-element-174c815c e-con-full e-flex e-con e-child\" data-id=\"174c815c\" data-element_type=\"container\">\n\t\t\t\t<div class=\"elementor-element elementor-element-660989e8 elementor-invisible elementor-widget elementor-widget-heading\" data-id=\"660989e8\" data-element_type=\"widget\" data-settings=\"{&quot;_animation&quot;:&quot;slideInDown&quot;}\" data-widget_type=\"heading.default\">\n\t\t\t\t<div class=\"elementor-widget-container\">\n\t\t\t\t\t<h1 class=\"elementor-heading-title elementor-size-default\">Twarze lasu<\/h1>\t\t\t\t<\/div>\n\t\t\t\t<\/div>\n\t\t\t\t<div class=\"elementor-element elementor-element-70d0ffb0 elementor-widget elementor-widget-text-editor\" data-id=\"70d0ffb0\" data-element_type=\"widget\" data-widget_type=\"text-editor.default\">\n\t\t\t\t<div class=\"elementor-widget-container\">\n\t\t\t\t\t\t\t\t\t<p><span style=\"font-family: Times New Roman, serif;\">Rze\u017aby, kt\u00f3re wykona\u0142em w 2019 roku z zebranych z ziemi d\u0119bowych ga\u0142\u0119zi i akrylowych masek, stoj\u0105ce w pi\u0119knym, starym, d\u0119bowo-grabowym lesie w g\u00f3rach po\u0142udniowej Armenii, niedaleko wioski Tandzaver. Ludziom naj\u0142atwiej jest krzywdzi\u0107 i niszczy\u0107 to, co uznaj\u0105 za pozbawiony twarzy i osobowo\u015bci przedmiot. By\u0107 mo\u017ce obdarzenie lasu twarz\u0105 mo\u017ce sprawi\u0107, \u017ce niekt\u00f3rzy z nas zastanowi\u0105 si\u0119 dwa razy, zanim zamachn\u0105 si\u0119 siekier\u0105<\/span><\/p>\t\t\t\t\t\t\t\t<\/div>\n\t\t\t\t<\/div>\n\t\t\t\t<\/div>\n\t\t\t\t<\/div>\n\t\t<div class=\"elementor-element elementor-element-3f7f482d e-con-full e-flex e-con e-child\" data-id=\"3f7f482d\" data-element_type=\"container\" data-settings=\"{&quot;background_background&quot;:&quot;classic&quot;}\">\n\t\t\t\t<div class=\"elementor-element elementor-element-5182f956 elementor-view-framed elementor-widget__width-inherit elementor-shape-circle elementor-widget elementor-widget-icon\" data-id=\"5182f956\" data-element_type=\"widget\" data-widget_type=\"icon.default\">\n\t\t\t\t<div class=\"elementor-widget-container\">\n\t\t\t\t\t\t\t<div class=\"elementor-icon-wrapper\">\n\t\t\t<a class=\"elementor-icon elementor-animation-shrink\" href=\"#next\">\n\t\t\t<svg xmlns=\"http:\/\/www.w3.org\/2000\/svg\" id=\"afa01258-5fdc-4e2a-84c3-52c21a777b3e\" data-name=\"Layer 1\" width=\"9.1074\" height=\"16.0991\" viewBox=\"0 0 9.1074 16.0991\"><polygon points=\"8.188 10.626 5.191 13.624 5.191 0 3.891 0 3.891 13.599 0.919 10.626 0 11.546 4.554 16.099 9.107 11.546 8.188 10.626\"><\/polygon><\/svg>\t\t\t<\/a>\n\t\t<\/div>\n\t\t\t\t\t\t<\/div>\n\t\t\t\t<\/div>\n\t\t\t\t<\/div>\n\t\t\t\t<\/div>\n\t\t<div class=\"elementor-element elementor-element-496b25c7 e-con-full e-flex e-con e-parent\" data-id=\"496b25c7\" data-element_type=\"container\" id=\"next\" data-settings=\"{&quot;background_background&quot;:&quot;classic&quot;}\">\n\t\t\t\t<\/div>\n\t\t<div class=\"elementor-element elementor-element-1323f1be e-con-full e-flex e-con e-parent\" data-id=\"1323f1be\" data-element_type=\"container\">\n\t\t<div class=\"elementor-element elementor-element-29a09121 e-con-full e-flex e-con e-child\" data-id=\"29a09121\" data-element_type=\"container\" data-settings=\"{&quot;background_background&quot;:&quot;classic&quot;}\">\n\t\t\t\t<div class=\"elementor-element elementor-element-3e9f99f5 elementor-widget__width-initial elementor-widget-mobile__width-inherit elementor-invisible elementor-widget elementor-widget-icon-box\" data-id=\"3e9f99f5\" data-element_type=\"widget\" data-settings=\"{&quot;_animation&quot;:&quot;fadeIn&quot;}\" data-widget_type=\"icon-box.default\">\n\t\t\t\t<div class=\"elementor-widget-container\">\n\t\t\t\t\t\t\t<div class=\"elementor-icon-box-wrapper\">\n\n\t\t\t\n\t\t\t\t\t\t<div class=\"elementor-icon-box-content\">\n\n\t\t\t\t\n\t\t\t\t\t\t\t\t\t<p class=\"elementor-icon-box-description\">\n\t\t\t\t\t\tTwarze lasu sta\u0142y wiele lat w lesie nieopodal wioski Tandzaver, mieszka\u0144cy przysy\u0142ali mi co jaki\u015b czas zdj\u0119cia. Nie wiem, czy stoj\u0105 tam jeszcze dzi\u015b.\t\t\t\t\t<\/p>\n\t\t\t\t\n\t\t\t<\/div>\n\t\t\t\n\t\t<\/div>\n\t\t\t\t\t\t<\/div>\n\t\t\t\t<\/div>\n\t\t\t\t<\/div>\n\t\t<div class=\"elementor-element elementor-element-a78c594 e-con-full e-flex e-con e-child\" data-id=\"a78c594\" data-element_type=\"container\" data-settings=\"{&quot;background_background&quot;:&quot;classic&quot;}\">\n\t\t\t\t<\/div>\n\t\t\t\t<\/div>\n\t\t\t\t<\/div>\n\t\t","protected":false},"excerpt":{"rendered":"<p>Twarze lasu Rze\u017aby, kt\u00f3re wykona\u0142em w 2019 roku z zebranych z ziemi d\u0119bowych ga\u0142\u0119zi i akrylowych masek, stoj\u0105ce w pi\u0119knym, starym, d\u0119bowo-grabowym lesie w g\u00f3rach po\u0142udniowej Armenii, niedaleko wioski Tandzaver. Ludziom naj\u0142atwiej jest krzywdzi\u0107 i niszczy\u0107 to, co uznaj\u0105 za pozbawiony twarzy i osobowo\u015bci przedmiot. By\u0107 mo\u017ce obdarzenie lasu twarz\u0105 mo\u017ce sprawi\u0107, \u017ce niekt\u00f3rzy z [&hellip;]<\/p>\n","protected":false},"author":1,"featured_media":219,"parent":0,"menu_order":0,"comment_status":"closed","ping_status":"closed","template":"elementor_header_footer","meta":{"footnotes":""},"class_list":["post-121","page","type-page","status-publish","has-post-thumbnail","hentry"],"_links":{"self":[{"href":"https:\/\/jansajdak.pl\/index.php\/wp-json\/wp\/v2\/pages\/121","targetHints":{"allow":["GET"]}}],"collection":[{"href":"https:\/\/jansajdak.pl\/index.php\/wp-json\/wp\/v2\/pages"}],"about":[{"href":"https:\/\/jansajdak.pl\/index.php\/wp-json\/wp\/v2\/types\/page"}],"author":[{"embeddable":true,"href":"https:\/\/jansajdak.pl\/index.php\/wp-json\/wp\/v2\/users\/1"}],"replies":[{"embeddable":true,"href":"https:\/\/jansajdak.pl\/index.php\/wp-json\/wp\/v2\/comments?post=121"}],"version-history":[{"count":14,"href":"https:\/\/jansajdak.pl\/index.php\/wp-json\/wp\/v2\/pages\/121\/revisions"}],"predecessor-version":[{"id":326,"href":"https:\/\/jansajdak.pl\/index.php\/wp-json\/wp\/v2\/pages\/121\/revisions\/326"}],"wp:featuredmedia":[{"embeddable":true,"href":"https:\/\/jansajdak.pl\/index.php\/wp-json\/wp\/v2\/media\/219"}],"wp:attachment":[{"href":"https:\/\/jansajdak.pl\/index.php\/wp-json\/wp\/v2\/media?parent=121"}],"curies":[{"name":"wp","href":"https:\/\/api.w.org\/{rel}","templated":true}]}}